{"id":1936,"date":"2024-10-25T13:40:58","date_gmt":"2024-10-25T11:40:58","guid":{"rendered":"https:\/\/zero-wendland.de\/?page_id=1936"},"modified":"2024-10-25T13:42:10","modified_gmt":"2024-10-25T11:42:10","slug":"vielsagendesschweigen","status":"publish","type":"page","link":"https:\/\/zero-wendland.de\/?page_id=1936","title":{"rendered":"VIELSAGENDES SCHWEIGEN"},"content":{"rendered":"\n<p>Gew\u00f6hnlich lassen unsere Medien keine Gelegenheit verstreichen, bedrohliche Szenarien wie eine Zitrone auszuquetschen. Das steigert Auflagen und Einschaltquoten. Deshalb machte es nachdenklich, als etwas in der Realit\u00e4t geschah, das jeden 007-Film geschm\u00fcckt h\u00e4tte, die Medien es jedoch nur kurz gemeldet und dann die F\u00fc\u00dfe merkw\u00fcrdig still gehalten haben: Vermutlich der israelische Mossad, der wohl ber\u00fcchtigste Geheimdienst der Welt, hatte sich in Produktionsabl\u00e4ufe oder Lieferketten eingeschlichen, um \u00fcber manipulierte Pager und Walkie Talkies Hisbollah-Mitglieder und Menschen, die gerade in deren N\u00e4he waren, ferngesteuert in die Luft zu jagen &#8211; ein gespenstisches Szenario und gefundenes Fressen f\u00fcr unseren Sensationsjournalismus.<br>Doch was geschah? Nichts! Nach kurzer Meldung war der Vorgang aus den Nachrichten verschwunden, niemand redete mehr dar\u00fcber. Warum? Ist das Szenario zu bedrohlich? Zu bedrohlich f\u00fcr unser ganzes System, f\u00fcr unsere so herrlich digitalisierte sch\u00f6ne, neue Welt, in der alles wie von selbst geht, Autos ohne uns fahren und uns Chips wahrscheinlich bald auch das Atmen abnehmen. So gut wie alles in unserem modernen Leben ist gerammelt voller Chips, diesen h\u00f6chst komplexen Schaltungen, ohne die fast nichts mehr geht. Als zur Coronazeit die Lieferketten unterbrochen waren, oder weil ein Frachter sich im Suez-Kanal quergestellt hatte, oder wenn in Australien eine Firma, die f\u00fcr die Computer-Sicherheit zust\u00e4ndig ist, eine miese Software hochl\u00e4dt, bricht weltweit alles zusammen. Und glaubt irgendjemand auf dieser Welt, da\u00df der FSB, der CIA oder auch der IS nicht in der Lage und nicht skrupellos genug w\u00e4ren, dasselbe zu tun wie der Mossad? Und man mu\u00df ja nicht alle gleich per Knopfdruck in die Luft jagen. Es w\u00e4re ja schon \u00e4u\u00dferst spannend, alle Autos per Knopfdruck lahmzulegen oder alle Ampeln auf gr\u00fcn zu schalten. Und genau von dieser M\u00f6glichkeit mag niemand wissen.<br>Gut durch den November kommen, w\u00fcnscht Ihnen, Euch und sich<br>Karl-Heinz Farni<\/p>\n","protected":false},"excerpt":{"rendered":"<p>Gew\u00f6hnlich lassen unsere Medien keine Gelegenheit verstreichen, bedrohliche Szenarien wie eine Zitrone auszuquetschen. Das steigert Auflagen und Einschaltquoten. Deshalb machte es nachdenklich, als etwas in der Realit\u00e4t geschah, das jeden 007-Film geschm\u00fcckt h\u00e4tte, die Medien es jedoch nur kurz gemeldet und dann die F\u00fc\u00dfe merkw\u00fcrdig still gehalten haben: Vermutlich der israelische Mossad, der wohl ber\u00fcchtigste [&hellip;]<\/p>\n","protected":false},"author":1,"featured_media":0,"parent":0,"menu_order":0,"comment_status":"closed","ping_status":"closed","template":"","meta":{"footnotes":""},"class_list":["post-1936","page","type-page","status-publish","hentry"],"_links":{"self":[{"href":"https:\/\/zero-wendland.de\/index.php?rest_route=\/wp\/v2\/pages\/1936","targetHints":{"allow":["GET"]}}],"collection":[{"href":"https:\/\/zero-wendland.de\/index.php?rest_route=\/wp\/v2\/pages"}],"about":[{"href":"https:\/\/zero-wendland.de\/index.php?rest_route=\/wp\/v2\/types\/page"}],"author":[{"embeddable":true,"href":"https:\/\/zero-wendland.de\/index.php?rest_route=\/wp\/v2\/users\/1"}],"replies":[{"embeddable":true,"href":"https:\/\/zero-wendland.de\/index.php?rest_route=%2Fwp%2Fv2%2Fcomments&post=1936"}],"version-history":[{"count":3,"href":"https:\/\/zero-wendland.de\/index.php?rest_route=\/wp\/v2\/pages\/1936\/revisions"}],"predecessor-version":[{"id":1940,"href":"https:\/\/zero-wendland.de\/index.php?rest_route=\/wp\/v2\/pages\/1936\/revisions\/1940"}],"wp:attachment":[{"href":"https:\/\/zero-wendland.de\/index.php?rest_route=%2Fwp%2Fv2%2Fmedia&parent=1936"}],"curies":[{"name":"wp","href":"https:\/\/api.w.org\/{rel}","templated":true}]}}