{"id":2010,"date":"2024-11-24T12:50:56","date_gmt":"2024-11-24T11:50:56","guid":{"rendered":"https:\/\/zero-wendland.de\/?page_id=2010"},"modified":"2024-11-24T12:50:56","modified_gmt":"2024-11-24T11:50:56","slug":"wir-haben-sorgen","status":"publish","type":"page","link":"https:\/\/zero-wendland.de\/?page_id=2010","title":{"rendered":"Wir haben Sorgen!"},"content":{"rendered":"\n<p><strong>Klimakatastrophe, Migranten, die uns aus purer Lust und Dollerei \u00fcberfluten, Menschen, die zu Millionen weltweit verhungern, obwohl es doch Superm\u00e4rkte gibt, ein Krieg in Europa, bei dem die \u00dcberfallenen trotz Sahra Wagenknechts Appellen einfach nicht kapitulieren m\u00f6chten \u0096 keine einfachen Zeiten. Und dann gibt es auch noch die wirklich existentiellen Probleme, denen Karl-Heinz Farni hier nachgeht<\/strong><\/p>\n\n\n\n<p>Manchmal, gar nicht so selten, auf jeden Fall, wenn ich am Abend zuvor mal wieder den Fernseher zu fr\u00fch eingeschaltet hatte, um die \u0084Tagesschau zu sehen und dabei in die F\u00e4nge der TVWerbung geraten bin, rei\u00dfen mich zur Wolfsstunde tiefbohrende Fragen aus dem Schlaf und lassen mich nicht mehr zur Ruhe kommen: Verf\u00fcgen meine Wimpern wirklich \u00fcber gen\u00fcgend Volumen, haben meine Brauen hinreichend F\u00fcllkraft? Ist meine Gesichtshaut, besonders um die Lippen herum, und sind vor allem die Lippen selbst zumindest hinl\u00e4nglich aufgepolstert? Und ganz bohrend: Wirkt meine Pigmentflecken-\u00dcberdeckung, das Anti-Taches? Sorgt es zusammen mit meinem Under Eye Brightener und der nude get\u00f6nten Concealer-Creme f\u00fcr den erw\u00fcnschten Wach-Effekt? Meine Augenbrauen korrigiere ich selbstverst\u00e4ndlich t\u00e4glich, manchmal zweimal. Und doch: Ich bin mir nicht mehr sicher; mein Herz rast vor Aufregung.<br>Nur ganz allm\u00e4hlich beruhige ich mich, schlie\u00dflich habe ich die Nutri- Pearls vorschriftsm\u00e4\u00dfig angewendet und auch sonst alles Notwendige zum Erhalt meines, zugegeben, in die Jahre gekommenen Flairs getan. Wobei ich mich oftmals schwer damit tue, mich zwischen Puder und Concealer zu entscheiden \u0096 zur Not wende ich einfach beides an \u0096 meine dann kaschierten Augenringe danken es mir. Den Kollagen-Booster (\u0084&#8220;Bringe Glow in Deine Morgen-Routine!&#8220;\u0093) vergesse ich nat\u00fcrlich nie, und auch mein Anti-Aging-Programm (selbstverst\u00e4ndlich das f\u00fcr die anspruchsvolle Haut und mit Sofort-Effekt) ebensowenig. Und Refining, Sculpting, Tanning? Logo! Dazu mindestens ein Mal pro Woche eine gr\u00fcndliche Dermabrasion, \u00f6fter mal ein Peeling und gen\u00fcgend Moisturizing \u0096 also eigentlich d\u00fcrfte ich keinerlei Probleme haben. Und der wohlmeinenden Forderung von &#8222;L\u0092Or\u00e9al  Load your lashes!&#8220;\u0093 komme ich selbstredend immer wieder gern nach. Das ist schlie\u00dflich \u0084&#8220;Schutz, der sich meiner Silhouette anpa\u00dft&#8220;\u0093.<br>Doch eine Sache l\u00e4\u00dft mich trotzdem nicht zur Ruhe kommen: \u0084Ist meine Haarstruktur wirklich optimal?\u0093 &#8222;\u0084Sag\u0092 grauen Haaren den Kampf an!\u0093&#8220;, fordert mich \u0084&#8220;Alpecin Grey Attack&#8220;\u0093 auf, \u0084&#8220;wasch das Grau einfach weg&#8220;!\u0093 Da z\u00f6gere ich, das macht mir angst, denn ist alles Grau weg \u0096 was bleibt dann noch? Zwar ist Glatze zur Zeit nicht wirklich unmodern, aber nicht jeder hat einen Sch\u00e4del wie Bruce Willis oder Yul Brynner. Und \u00fcberhaupt: Pa\u00dft das eigentlich zu meinem Streetstyle-Look?<br>Wie lebenswichtig es ist, was man auf dem Kopf hat, war deutlichst bei der vergangenen Fu\u00dfball-Europameisterschaft zu sehen. Das Mindeste war der Fade, der an-, teils auch kantig rasierte Ansatz \u0096 erinnerte hin und wieder an das Kinderbuch vom kleinen Maulwurf  &#8222;\u0084Wer hat mir auf den Kopf gemacht?&#8220;\u0093. Oder diese vor jedem Spiel frisch gef\u00f6hnte Prinz-Charming- Frise des Herrn Griezmann. Dazu Farben ohne Ende. Nur bei den Trainern lag die Glatze vorn. Immerhin pflegeleicht; im Gegensatz zu den zahlreichen Makramee-Arbeiten auf den K\u00f6pfen: Z\u00f6pfchen, Schw\u00e4nzchen, an Norwegerpullover erinnernde Wellen- und Kurvenmuster. Kein Wunder, da\u00df die Leibfriseure der betuchten Spieler als fast einzige Au\u00dfenstehende st\u00e4ndigen Zugang zu den Mannschaften hatten. Ohne die haarigen Skulpturen auf den K\u00f6pfen w\u00e4ren die Kicker ganz gewi\u00df weder in den Flow gekommen, noch h\u00e4tten sie das Momentum auf ihrer Seite gehabt w\u00e4hrend ihrer Performance.<\/p>\n\n\n\n<p>Dann pl\u00f6tzlich raubt mir etwas ganz anderes den Schlaf: weltweit sterben Tag f\u00fcr Tag 15 000 Kinder, weil sie nichts zu essen haben. 15 000 Kinder jeden Tag! Die Weltern\u00e4hrungsorganisation hat sich vorgenommen, in 15 Jahren den Hunger weltweit zu besiegen. J\u00e4hrliche Kosten daf\u00fcr: 267 Milliarden Dollar. Astronomisch! Aber 89,7 Milliarden US-Dollar werden j\u00e4hrlich allein in den USA f\u00fcr Kosmetika ausgegeben, in China 58,3 Milliarden, in Deutschland 15,9 Milliarden Euro. Weltweit wird der Markt gegen Augenringe, Pigmentflecken und Falten f\u00fcr 2023 auf 375 Milliarden US-Dollar gesch\u00e4tzt. Prognose: ein Anstieg von 394 Milliarden US-Dollar 2024 auf 760 Milliarden US-Dollar im Jahr 2032.<br>Geld scheint also offenbar da zu sein. Und &#8222;Garnier&#8220;\u0093 (operativer Gewinn im ersten Halbjahr 2023: 4,26 Milliarden Euro), Teil des Marktf\u00fchrers &#8222;L\u0092Oreal&#8220;\u0093, macht uns in seiner Werbung vor, wie\u0092s geht. Da hei\u00dft es  Abschminken!\u0093. Im Clip zu sehen sind mit Kosmetika vollgeschmierte, ungl\u00fccklich blickende Gesichter. Aber dann: Sie greifen zu \u0084&#8220;Garnier Skin Naturals Augen-Make-up-Entferner 2 in 1, Waterproof\u0093&#8220; und sehen so mit einem Wisch abgeschminkt \u0096 blitzartig fast wie richtige Menschen aus. Gl\u00fccklich hauchen sie ins Mikrofon: \u0084Meine Haut kann endlich wieder atmen!\u0093<\/p>\n","protected":false},"excerpt":{"rendered":"<p>Klimakatastrophe, Migranten, die uns aus purer Lust und Dollerei \u00fcberfluten, Menschen, die zu Millionen weltweit verhungern, obwohl es doch Superm\u00e4rkte gibt, ein Krieg in Europa, bei dem die \u00dcberfallenen trotz Sahra Wagenknechts Appellen einfach nicht kapitulieren m\u00f6chten \u0096 keine einfachen Zeiten. Und dann gibt es auch noch die wirklich existentiellen Probleme, denen Karl-Heinz Farni hier [&hellip;]<\/p>\n","protected":false},"author":1,"featured_media":0,"parent":0,"menu_order":0,"comment_status":"closed","ping_status":"closed","template":"","meta":{"footnotes":""},"class_list":["post-2010","page","type-page","status-publish","hentry"],"_links":{"self":[{"href":"https:\/\/zero-wendland.de\/index.php?rest_route=\/wp\/v2\/pages\/2010","targetHints":{"allow":["GET"]}}],"collection":[{"href":"https:\/\/zero-wendland.de\/index.php?rest_route=\/wp\/v2\/pages"}],"about":[{"href":"https:\/\/zero-wendland.de\/index.php?rest_route=\/wp\/v2\/types\/page"}],"author":[{"embeddable":true,"href":"https:\/\/zero-wendland.de\/index.php?rest_route=\/wp\/v2\/users\/1"}],"replies":[{"embeddable":true,"href":"https:\/\/zero-wendland.de\/index.php?rest_route=%2Fwp%2Fv2%2Fcomments&post=2010"}],"version-history":[{"count":2,"href":"https:\/\/zero-wendland.de\/index.php?rest_route=\/wp\/v2\/pages\/2010\/revisions"}],"predecessor-version":[{"id":2119,"href":"https:\/\/zero-wendland.de\/index.php?rest_route=\/wp\/v2\/pages\/2010\/revisions\/2119"}],"wp:attachment":[{"href":"https:\/\/zero-wendland.de\/index.php?rest_route=%2Fwp%2Fv2%2Fmedia&parent=2010"}],"curies":[{"name":"wp","href":"https:\/\/api.w.org\/{rel}","templated":true}]}}

<p><strong>Klimakatastrophe, Migranten, die uns aus purer Lust und Dollerei überfluten, Menschen, die zu Millionen weltweit verhungern, obwohl es doch Supermärkte gibt, ein Krieg in Europa, bei dem die Überfallenen trotz Sahra Wagenknechts Appellen einfach nicht kapitulieren möchten  keine einfachen Zeiten. Und dann gibt es auch noch die wirklich existentiellen Probleme, denen Karl-Heinz Farni hier nachgeht</strong></p>



<p>Manchmal, gar nicht so selten, auf jeden Fall, wenn ich am Abend zuvor mal wieder den Fernseher zu früh eingeschaltet hatte, um die Tagesschau zu sehen und dabei in die Fänge der TVWerbung geraten bin, reißen mich zur Wolfsstunde tiefbohrende Fragen aus dem Schlaf und lassen mich nicht mehr zur Ruhe kommen: Verfügen meine Wimpern wirklich über genügend Volumen, haben meine Brauen hinreichend Füllkraft? Ist meine Gesichtshaut, besonders um die Lippen herum, und sind vor allem die Lippen selbst zumindest hinlänglich aufgepolstert? Und ganz bohrend: Wirkt meine Pigmentflecken-Überdeckung, das Anti-Taches? Sorgt es zusammen mit meinem Under Eye Brightener und der nude getönten Concealer-Creme für den erwünschten Wach-Effekt? Meine Augenbrauen korrigiere ich selbstverständlich täglich, manchmal zweimal. Und doch: Ich bin mir nicht mehr sicher; mein Herz rast vor Aufregung.<br>Nur ganz allmählich beruhige ich mich, schließlich habe ich die Nutri- Pearls vorschriftsmäßig angewendet und auch sonst alles Notwendige zum Erhalt meines, zugegeben, in die Jahre gekommenen Flairs getan. Wobei ich mich oftmals schwer damit tue, mich zwischen Puder und Concealer zu entscheiden  zur Not wende ich einfach beides an  meine dann kaschierten Augenringe danken es mir. Den Kollagen-Booster (&#8220;Bringe Glow in Deine Morgen-Routine!&#8220;) vergesse ich natürlich nie, und auch mein Anti-Aging-Programm (selbstverständlich das für die anspruchsvolle Haut und mit Sofort-Effekt) ebensowenig. Und Refining, Sculpting, Tanning? Logo! Dazu mindestens ein Mal pro Woche eine gründliche Dermabrasion, öfter mal ein Peeling und genügend Moisturizing  also eigentlich dürfte ich keinerlei Probleme haben. Und der wohlmeinenden Forderung von &#8222;LOréal  Load your lashes!&#8220; komme ich selbstredend immer wieder gern nach. Das ist schließlich &#8220;Schutz, der sich meiner Silhouette anpaßt&#8220;.<br>Doch eine Sache läßt mich trotzdem nicht zur Ruhe kommen: Ist meine Haarstruktur wirklich optimal? &#8222;Sag grauen Haaren den Kampf an!&#8220;, fordert mich &#8220;Alpecin Grey Attack&#8220; auf, &#8220;wasch das Grau einfach weg&#8220;! Da zögere ich, das macht mir angst, denn ist alles Grau weg  was bleibt dann noch? Zwar ist Glatze zur Zeit nicht wirklich unmodern, aber nicht jeder hat einen Schädel wie Bruce Willis oder Yul Brynner. Und überhaupt: Paßt das eigentlich zu meinem Streetstyle-Look?<br>Wie lebenswichtig es ist, was man auf dem Kopf hat, war deutlichst bei der vergangenen Fußball-Europameisterschaft zu sehen. Das Mindeste war der Fade, der an-, teils auch kantig rasierte Ansatz  erinnerte hin und wieder an das Kinderbuch vom kleinen Maulwurf  &#8222;Wer hat mir auf den Kopf gemacht?&#8220;. Oder diese vor jedem Spiel frisch geföhnte Prinz-Charming- Frise des Herrn Griezmann. Dazu Farben ohne Ende. Nur bei den Trainern lag die Glatze vorn. Immerhin pflegeleicht; im Gegensatz zu den zahlreichen Makramee-Arbeiten auf den Köpfen: Zöpfchen, Schwänzchen, an Norwegerpullover erinnernde Wellen- und Kurvenmuster. Kein Wunder, daß die Leibfriseure der betuchten Spieler als fast einzige Außenstehende ständigen Zugang zu den Mannschaften hatten. Ohne die haarigen Skulpturen auf den Köpfen wären die Kicker ganz gewiß weder in den Flow gekommen, noch hätten sie das Momentum auf ihrer Seite gehabt während ihrer Performance.</p>



<p>Dann plötzlich raubt mir etwas ganz anderes den Schlaf: weltweit sterben Tag für Tag 15 000 Kinder, weil sie nichts zu essen haben. 15 000 Kinder jeden Tag! Die Welternährungsorganisation hat sich vorgenommen, in 15 Jahren den Hunger weltweit zu besiegen. Jährliche Kosten dafür: 267 Milliarden Dollar. Astronomisch! Aber 89,7 Milliarden US-Dollar werden jährlich allein in den USA für Kosmetika ausgegeben, in China 58,3 Milliarden, in Deutschland 15,9 Milliarden Euro. Weltweit wird der Markt gegen Augenringe, Pigmentflecken und Falten für 2023 auf 375 Milliarden US-Dollar geschätzt. Prognose: ein Anstieg von 394 Milliarden US-Dollar 2024 auf 760 Milliarden US-Dollar im Jahr 2032.<br>Geld scheint also offenbar da zu sein. Und &#8222;Garnier&#8220; (operativer Gewinn im ersten Halbjahr 2023: 4,26 Milliarden Euro), Teil des Marktführers &#8222;LOreal&#8220;, macht uns in seiner Werbung vor, wies geht. Da heißt es  Abschminken!. Im Clip zu sehen sind mit Kosmetika vollgeschmierte, unglücklich blickende Gesichter. Aber dann: Sie greifen zu &#8220;Garnier Skin Naturals Augen-Make-up-Entferner 2 in 1, Waterproof&#8220; und sehen so mit einem Wisch abgeschminkt  blitzartig fast wie richtige Menschen aus. Glücklich hauchen sie ins Mikrofon: Meine Haut kann endlich wieder atmen!</p>

<p>Klimakatastrophe, Migranten, die uns aus purer Lust und Dollerei überfluten, Menschen, die zu Millionen weltweit verhungern, obwohl es doch Supermärkte gibt, ein Krieg in Europa, bei dem die Überfallenen trotz Sahra Wagenknechts Appellen einfach nicht kapitulieren möchten  keine einfachen Zeiten. Und dann gibt es auch noch die wirklich existentiellen Probleme, denen Karl-Heinz Farni hier [&hellip;]</p>
