{"id":2105,"date":"2025-01-20T18:37:04","date_gmt":"2025-01-20T17:37:04","guid":{"rendered":"https:\/\/zero-wendland.de\/?page_id=2105"},"modified":"2025-01-20T18:37:04","modified_gmt":"2025-01-20T17:37:04","slug":"wir-sollten-unswas-schaemen","status":"publish","type":"page","link":"https:\/\/zero-wendland.de\/?page_id=2105","title":{"rendered":"WIR SOLLTEN UNSWAS SCH\u00c4MEN!"},"content":{"rendered":"\n<p>Liebe zero-Leser, kaum hatte sich Baschar al-Assad nach Moskau verpi\u00dft, unter die Fittiche seines Freunds, der so gerne Bomben wirft \u0096 ob auf Syrien, Tschetschenien oder die Ukraine; kaum war das Foltergef\u00e4ngnis Saidnaya befreit, in dem laut \u0084Amnesty\u0093 etwa 13 000 Gefangene sytematisch ermordet wurden, nat\u00fcrlich nicht, ohne sie vorher gefoltert zu haben, etwa auf dem \u0084deutschen Stuhl\u0093, der den Oberk\u00f6rper derma\u00dfen dehnt, da\u00df am Ende die Wirbels\u00e4ule bricht, oder auch ganz einfach mit St\u00f6cken, Kabeln und Kn\u00fcppeln zusammengeschlagen und dann gruppenweise erh\u00e4ngt; kaum wurde all das bekannt und ganz Syrien feierte das Ende der Assad-Diktatur und trauerte um die rund 150 000 Menschen, die unter Assads Regime \u0084verschwunden\u0093 waren, da wu\u00dften deutsche Politiker aus den beiden Parteien, die das \u0084C\u0093 f\u00fcr \u0084christlich\u0093 im Namen tragen, nichts Besseres, als in jedes ihnen hingehaltene Mikrofon die Forderung zu geifern, dass nun aber alle der knapp eine Million hier lebenden Syrer schnellstens aus unserem sauberen Deutschland rauszuwerfen und nach Syrien zur\u00fcckzuschicken seien \u0096 von dem nicht \u00fcberraschenden \u0084Remigrations\u0093- Gekl\u00e4ffe von Herrenreiterin Weidels Parteigenossen mal ganz abgesehen. \u00dcbrigens: Etwa 80 000 Syrer arbeiten hier in Berufen mit Fachkr\u00e4ftemangel, sehr viele auch als \u00c4rzte; also mu\u00df man nicht mal \u0084nett\u0093 sein, sondern lediglich egoistisch, um eine solche Forderung als reines dummes Zeug und Wahlkampfget\u00f6se zu entlarven. Aber dass das ankommt, ist der Skandal! Die SPD klang anfangs etwas weniger herzlos. Das aber wurde von den mittlerweile fast t\u00e4glich durchgef\u00fchrten Umfragen nicht belohnt. Also tr\u00f6tete nun auch Nancy Faeser ins Wahlkampfhorn. Und die Union setzte nat\u00fcrlich noch einen drauf \u0096 ohne sich offenbar klarzumachen, da\u00df das nur noch mehr Menschen das Original der Hetze w\u00e4hlen l\u00e4\u00dft. Merz wirbt mit einem \u0084Deutschland, auf dass wir wieder stolz sein k\u00f6nnen\u0093. Ich fange an, mich f\u00fcr dieses Land zu sch\u00e4men.<br>Der Februar ist oft schlimm, aber Merz w\u00e4re schlimmer!<\/p>\n\n\n\n<p>Karl-Heinz Farni<\/p>\n","protected":false},"excerpt":{"rendered":"<p>Liebe zero-Leser, kaum hatte sich Baschar al-Assad nach Moskau verpi\u00dft, unter die Fittiche seines Freunds, der so gerne Bomben wirft \u0096 ob auf Syrien, Tschetschenien oder die Ukraine; kaum war das Foltergef\u00e4ngnis Saidnaya befreit, in dem laut \u0084Amnesty\u0093 etwa 13 000 Gefangene sytematisch ermordet wurden, nat\u00fcrlich nicht, ohne sie vorher gefoltert zu haben, etwa auf [&hellip;]<\/p>\n","protected":false},"author":1,"featured_media":0,"parent":0,"menu_order":0,"comment_status":"closed","ping_status":"closed","template":"","meta":{"footnotes":""},"class_list":["post-2105","page","type-page","status-publish","hentry"],"_links":{"self":[{"href":"https:\/\/zero-wendland.de\/index.php?rest_route=\/wp\/v2\/pages\/2105","targetHints":{"allow":["GET"]}}],"collection":[{"href":"https:\/\/zero-wendland.de\/index.php?rest_route=\/wp\/v2\/pages"}],"about":[{"href":"https:\/\/zero-wendland.de\/index.php?rest_route=\/wp\/v2\/types\/page"}],"author":[{"embeddable":true,"href":"https:\/\/zero-wendland.de\/index.php?rest_route=\/wp\/v2\/users\/1"}],"replies":[{"embeddable":true,"href":"https:\/\/zero-wendland.de\/index.php?rest_route=%2Fwp%2Fv2%2Fcomments&post=2105"}],"version-history":[{"count":1,"href":"https:\/\/zero-wendland.de\/index.php?rest_route=\/wp\/v2\/pages\/2105\/revisions"}],"predecessor-version":[{"id":2107,"href":"https:\/\/zero-wendland.de\/index.php?rest_route=\/wp\/v2\/pages\/2105\/revisions\/2107"}],"wp:attachment":[{"href":"https:\/\/zero-wendland.de\/index.php?rest_route=%2Fwp%2Fv2%2Fmedia&parent=2105"}],"curies":[{"name":"wp","href":"https:\/\/api.w.org\/{rel}","templated":true}]}}

WIR SOLLTEN UNSWAS SCHÄMEN!

<p>Liebe zero-Leser, kaum hatte sich Baschar al-Assad nach Moskau verpißt, unter die Fittiche seines Freunds, der so gerne Bomben wirft  ob auf Syrien, Tschetschenien oder die Ukraine; kaum war das Foltergefängnis Saidnaya befreit, in dem laut Amnesty etwa 13 000 Gefangene sytematisch ermordet wurden, natürlich nicht, ohne sie vorher gefoltert zu haben, etwa auf dem deutschen Stuhl, der den Oberkörper dermaßen dehnt, daß am Ende die Wirbelsäule bricht, oder auch ganz einfach mit Stöcken, Kabeln und Knüppeln zusammengeschlagen und dann gruppenweise erhängt; kaum wurde all das bekannt und ganz Syrien feierte das Ende der Assad-Diktatur und trauerte um die rund 150 000 Menschen, die unter Assads Regime verschwunden waren, da wußten deutsche Politiker aus den beiden Parteien, die das C für christlich im Namen tragen, nichts Besseres, als in jedes ihnen hingehaltene Mikrofon die Forderung zu geifern, dass nun aber alle der knapp eine Million hier lebenden Syrer schnellstens aus unserem sauberen Deutschland rauszuwerfen und nach Syrien zurückzuschicken seien  von dem nicht überraschenden Remigrations- Gekläffe von Herrenreiterin Weidels Parteigenossen mal ganz abgesehen. Übrigens: Etwa 80 000 Syrer arbeiten hier in Berufen mit Fachkräftemangel, sehr viele auch als Ärzte; also muß man nicht mal nett sein, sondern lediglich egoistisch, um eine solche Forderung als reines dummes Zeug und Wahlkampfgetöse zu entlarven. Aber dass das ankommt, ist der Skandal! Die SPD klang anfangs etwas weniger herzlos. Das aber wurde von den mittlerweile fast täglich durchgeführten Umfragen nicht belohnt. Also trötete nun auch Nancy Faeser ins Wahlkampfhorn. Und die Union setzte natürlich noch einen drauf  ohne sich offenbar klarzumachen, daß das nur noch mehr Menschen das Original der Hetze wählen läßt. Merz wirbt mit einem Deutschland, auf dass wir wieder stolz sein können. Ich fange an, mich für dieses Land zu schämen.<br>Der Februar ist oft schlimm, aber Merz wäre schlimmer!</p>



<p>Karl-Heinz Farni</p>

<p>Liebe zero-Leser, kaum hatte sich Baschar al-Assad nach Moskau verpißt, unter die Fittiche seines Freunds, der so gerne Bomben wirft  ob auf Syrien, Tschetschenien oder die Ukraine; kaum war das Foltergefängnis Saidnaya befreit, in dem laut Amnesty etwa 13 000 Gefangene sytematisch ermordet wurden, natürlich nicht, ohne sie vorher gefoltert zu haben, etwa auf [&hellip;]</p>
