{"id":2108,"date":"2025-01-20T18:59:49","date_gmt":"2025-01-20T17:59:49","guid":{"rendered":"https:\/\/zero-wendland.de\/?page_id=2108"},"modified":"2025-01-20T19:04:41","modified_gmt":"2025-01-20T18:04:41","slug":"vergreist-die-bi","status":"publish","type":"page","link":"https:\/\/zero-wendland.de\/?page_id=2108","title":{"rendered":"Vergreist die BI?"},"content":{"rendered":"\n<p>Sabine Hen\u00dfen sprach mit Torben Klages, Hauptamtlicher in der B\u00fcrgerinitiative Umweltschutz L\u00fcchow-Dannenberg \u00fcber Zukunft, \u00dcberalterung und auch den Stolz auf das Erreichte.<\/p>\n\n\n\n<figure class=\"wp-block-image size-full\"><img loading=\"lazy\" decoding=\"async\" width=\"400\" height=\"353\" src=\"https:\/\/zero-wendland.de\/wp-content\/uploads\/2025\/01\/TK_g_72.jpg\" alt=\"\" class=\"wp-image-2109\" srcset=\"https:\/\/zero-wendland.de\/wp-content\/uploads\/2025\/01\/TK_g_72.jpg 400w, https:\/\/zero-wendland.de\/wp-content\/uploads\/2025\/01\/TK_g_72-300x265.jpg 300w\" sizes=\"auto, (max-width: 400px) 100vw, 400px\" \/><figcaption class=\"wp-element-caption\">Torben Klages<\/figcaption><\/figure>\n\n\n\n<p><strong>Wie steht es um den Altersdurchschnitt der BI-Mitglieder, ist der bekannt?<\/strong><br>Die gro\u00dfe Mehrheit unserer Mitglieder ist zwischen 60 und 80 Jahre alt. Menschen, die sich neu im Vorstand der BI engagieren, sind heute eher \u00fcber 50 Jahre alt, und der Vorstand hat ein Durchschnittsalter von 70 Jahren. F\u00fcr mich ein Verein mit gro\u00dfer Lebenserfahrung, f\u00fcr andere vielleicht ein Beleg der Vergreisung. Die nackten Zahlen stellen uns vor<br>Probleme, sagen allerdings auch nichts \u00fcber die gro\u00dfe Qualit\u00e4t der Engagierten aus.<br><br><strong>Sie sprechen selbst von der \u0084ausbleibenden Verj\u00fcngung als Gei\u00dfel der Bewegung\u0093, wird offen \u00fcber die \u0084Vergreisung\u0093 diskutiert?<\/strong><br>Die Diskussion ist in vollem Gange. Und nicht nur bei uns. Auf einer bundesweiten Konferenz von BI war ein Topthema \u0084&#8220;Wie<br>sprechen wir j\u00fcngere Leute an?&#8220;\u0093. Man muss aber aufpassen, dass die Fixierung auf das Thema nicht zur Selbstgei\u00dfelung f\u00fchrt, man darf sich nicht treiben lassen, stattdessen muss man ins Handeln kommen.<br><br><strong>Gibt es Gr\u00fcnde, die junge Menschen abhalten k\u00f6nnten, sich aktiv in der BI zu engagieren?<\/strong><br>Kritisch betrachtet, ist die \u00fcber Jahrzehnte gewachsene Struktur unserer BI nicht besonders ansprechend f\u00fcr junge Menschen, eine Struktur, die zun\u00e4chst wirkt wie ein starres Gebilde, das nicht mehr zeitgem\u00e4\u00df ist. Man m\u00fcsste sich zun\u00e4chst zwei Jahre einarbeiten, bis man auf der H\u00f6he des Wissens der BI ist, auch das schreckt junge Leute ab. Da steht man vor Aktivisten, die seit Jahrzehnten dabei sind, die wissen alles, die k\u00f6nnen alles. Zudem vermitteln wir den Eindruck: Wir sind ja da! Wir k\u00fcmmern uns. Und: Es fehlt schlicht das pers\u00f6nliche Ber\u00fchrtsein. Der Impuls, sich in der BI zu engagieren, ist nicht stark genug.<br><br><strong>Weil junge Menschen das Thema Atomkraft als abgehakt und ausgefochten betrachten?<\/strong><br>Es mangelt nicht an jungen Menschen in der Anti-Atomkraft-Bewegung, aber die sind oft hauptamtlich t\u00e4tig, verdienen ihr Geld damit. Was aber in der Breite fehlt, ist der pers\u00f6nliche Bezug, die Betroffenheit. Die Hochphase der Auseinandersetzung liegt weit in der Vergangenheit. Die Castor-Transporte ber\u00fchrten die Menschen damals ganz direkt, die Betroffenheit war gr\u00f6\u00dfer, der Widerstand gegen den \u00fcberm\u00e4chtig wirkenden Staat spielte eine Rolle. Viele junge Menschen kamen in der Zeit vor 2011 ins Wendland, haben an Aktionen teilgenommen. Haben allerdings nicht klassische BI-Arbeit gemacht. Ich selbst kam auch in dieser Zeit hierher \u0096 blieb h\u00e4ngen, wurde aber auch Hauptamtlicher. Geschehnisse wie Fukushima, sch\u00e4rfen das Bewusstsein, st\u00e4rken den Widerstand gegen die Atomkraft, trotzdem fangen wir bei der Meinungsbildung immer wieder bei Adam und Eva an, etwa nach der EU-Entscheidung, Atomkraft als nachhaltig einzustufen.<br><br><strong>W\u00e4re eine \u00d6ffnung f\u00fcr neue Themen ein Mittel, k\u00f6nnte etwa eine st\u00e4rkere Einbindung des Klima-Themas junge Menschen \u00fcberzeugen, sich in der BI zu engagieren?<\/strong><br>Die BI hat sich bereits neuen Themen ge\u00f6ffnet. Wir waren w\u00e4hrend der Proteste rund um den Hambacher Forst aktiv, haben jungen Initiativen, wie \u0084Ende-Gel\u00e4nde\u0093 oder Fridays for Future\u0093 unsere Hilfe angeboten, etwa beim Anmelden von Versammlungen oder welches Equipment notwendig ist. Der Austausch bei Demos ist da, aber die Hilfsangebote m\u00fcssen angemessen erfolgen. Speziell zum Thema Klima: Wir waren auch beteiligt an einem Format \u0084Week for Climate\u0093 im Wendland, bei dem verschiedene Initiativen abwechselnd Veranstaltungen gemacht haben. Wir haben fr\u00fcher auch die \u00f6kologische Filmreihe in Platenlaase mit veranstaltet, bei der wir monatlich Filme zum Umweltbereich pr\u00e4sentiert haben. Bei all den Veranstaltungen ist es allerdings nie gelungen, j\u00fcngere Menschen zur Mitarbeit zu bewegen. Meine Erfahrung ist, dass ein \u0084simpler\u0093 Themenwechsel nicht den erw\u00fcnschten Effekt bringt. Ich denke, dass ein Gef\u00fchl von Gemeinschaft unter Gleichaltrigen sehr wichtig ist. Junge Menschen untereinander teilen sehr wahrscheinlich andere Sorgen und Ansichten als die Eltern- oder Gro\u00dfelterngeneration, auch wenn alle Generationen am Ende vielleicht \u00e4hnliche Unsicherheiten und Probleme durchlebt haben. Und: F\u00fcr j\u00fcngere Menschen ist auch eine Abgrenzung zu \u00e4lteren Menschen ein wichtiger Entwicklungsschritt. Zu seinen Lebzeiten hat Jochen Stay, der die Anti-Atom-Bewegung ja auch ma\u00dfgeblich mitgestaltet hat, bei unseren Mitgliederversammlungen immer die Initiative 30 als Vorschlag vorgetragen. Ziel ist es dabei, Menschen im Alter um die 30 zur Mitarbeit zu motivieren. Ich halte das f\u00fcr eine realistische Zielsetzung. Nat\u00fcrlich w\u00fcrden wir uns nicht dagegen wehren, wenn j\u00fcngere oder auch weitere \u00e4ltere Menschen den Weg zu uns finden w\u00fcrden.<br><br><strong>Kann die Pr\u00e4senz in den sozialen Medien f\u00fcr mehr BI-Nachwuchs sorgen?<\/strong><br>Um die BI glaubhaft, authentisch, in den sozialen Medien zu pr\u00e4sentieren, braucht es wiederum junge Menschen, die diesen Job \u00fcbernehmen. Sonst geraten wir schnell in den Cringe-Bereich: Politiker tanzen auf TikTok und wirken peinlich, zum Fremdsch\u00e4men, eben cringe. Es ist eine gro\u00dfe Herausforderung, so etwas wie Nachwuchsarbeit anzuschieben. Vielleicht hinkt der Vergleich, aber ich war im Sportverein als Jugendtrainer t\u00e4tig, neben vielen weiteren Trainern. Denn die Jugendarbeit war mit weitaus mehr Ressourcen, personell und finanziell, ausgestattet, als das Training mit Erwachsenen. Es ging darum, die Basis zu st\u00e4rken, zu erreichen, dass die jungen Menschen perspektivisch im Verein bleiben. Auch dort sprangen viele Jugendliche und junge Erwachsene ab, weil andere Interessen wichtiger wurden. Will man die Jungen elektrisieren f\u00fcr das Thema Atomkraft, das vielfach als abgehakt begriffen wird \u0096 die haben oft andere Interessen und Probleme \u0096 braucht es neben guten Konzepten auch personelle Ressourcen.<br><br><strong>Droht also die Vergreisung?<\/strong><br>Es ist nicht alles dem Untergang geweiht, nur weil die Jungen ausbleiben! Es darf nicht passieren, dass wir hier alle nur noch ungl\u00fccklich sind. Man muss sich selbst kritisch hinterfragen, unsere Struktur ist nicht einfach f\u00fcr Einsteiger. Aber wir sollten uns auch vor Augen halten: Das alles hat \u00fcber Jahrzehnte funktioniert. Und ein wenig stolz auf unsere Erfolge d\u00fcrfen wir auch sein. Ver\u00e4nderungen darf man nicht ausblenden, wir m\u00fcssen sie aufnehmen. Und wer wei\u00df, vielleicht r\u00fcckt die pers\u00f6nliche Betroffenheit schneller wieder in den Vordergrund als uns allen lieb ist, angesichts der ungebremsten Macht und des Energiehungers der Big-Tech-Unternehmen<br>und den AKW-Phantasien von CDU, FDP und AfD.<br><\/p>\n","protected":false},"excerpt":{"rendered":"<p>Sabine Hen\u00dfen sprach mit Torben Klages, Hauptamtlicher in der B\u00fcrgerinitiative Umweltschutz L\u00fcchow-Dannenberg \u00fcber Zukunft, \u00dcberalterung und auch den Stolz auf das Erreichte. Wie steht es um den Altersdurchschnitt der BI-Mitglieder, ist der bekannt?Die gro\u00dfe Mehrheit unserer Mitglieder ist zwischen 60 und 80 Jahre alt. Menschen, die sich neu im Vorstand der BI engagieren, sind heute [&hellip;]<\/p>\n","protected":false},"author":1,"featured_media":0,"parent":0,"menu_order":0,"comment_status":"closed","ping_status":"closed","template":"","meta":{"footnotes":""},"class_list":["post-2108","page","type-page","status-publish","hentry"],"_links":{"self":[{"href":"https:\/\/zero-wendland.de\/index.php?rest_route=\/wp\/v2\/pages\/2108","targetHints":{"allow":["GET"]}}],"collection":[{"href":"https:\/\/zero-wendland.de\/index.php?rest_route=\/wp\/v2\/pages"}],"about":[{"href":"https:\/\/zero-wendland.de\/index.php?rest_route=\/wp\/v2\/types\/page"}],"author":[{"embeddable":true,"href":"https:\/\/zero-wendland.de\/index.php?rest_route=\/wp\/v2\/users\/1"}],"replies":[{"embeddable":true,"href":"https:\/\/zero-wendland.de\/index.php?rest_route=%2Fwp%2Fv2%2Fcomments&post=2108"}],"version-history":[{"count":4,"href":"https:\/\/zero-wendland.de\/index.php?rest_route=\/wp\/v2\/pages\/2108\/revisions"}],"predecessor-version":[{"id":2115,"href":"https:\/\/zero-wendland.de\/index.php?rest_route=\/wp\/v2\/pages\/2108\/revisions\/2115"}],"wp:attachment":[{"href":"https:\/\/zero-wendland.de\/index.php?rest_route=%2Fwp%2Fv2%2Fmedia&parent=2108"}],"curies":[{"name":"wp","href":"https:\/\/api.w.org\/{rel}","templated":true}]}}

<p>Sabine Henßen sprach mit Torben Klages, Hauptamtlicher in der Bürgerinitiative Umweltschutz Lüchow-Dannenberg über Zukunft, Überalterung und auch den Stolz auf das Erreichte.</p>



<figure class="wp-block-image size-full"><img loading="lazy" decoding="async" width="400" height="353" src="https://zero-wendland.de/wp-content/uploads/2025/01/TK_g_72.jpg" alt="" class="wp-image-2109" srcset="https://zero-wendland.de/wp-content/uploads/2025/01/TK_g_72.jpg 400w, https://zero-wendland.de/wp-content/uploads/2025/01/TK_g_72-300x265.jpg 300w" sizes="auto, (max-width: 400px) 100vw, 400px" /><figcaption class="wp-element-caption">Torben Klages</figcaption></figure>



<p><strong>Wie steht es um den Altersdurchschnitt der BI-Mitglieder, ist der bekannt?</strong><br>Die große Mehrheit unserer Mitglieder ist zwischen 60 und 80 Jahre alt. Menschen, die sich neu im Vorstand der BI engagieren, sind heute eher über 50 Jahre alt, und der Vorstand hat ein Durchschnittsalter von 70 Jahren. Für mich ein Verein mit großer Lebenserfahrung, für andere vielleicht ein Beleg der Vergreisung. Die nackten Zahlen stellen uns vor<br>Probleme, sagen allerdings auch nichts über die große Qualität der Engagierten aus.<br><br><strong>Sie sprechen selbst von der ausbleibenden Verjüngung als Geißel der Bewegung, wird offen über die Vergreisung diskutiert?</strong><br>Die Diskussion ist in vollem Gange. Und nicht nur bei uns. Auf einer bundesweiten Konferenz von BI war ein Topthema &#8220;Wie<br>sprechen wir jüngere Leute an?&#8220;. Man muss aber aufpassen, dass die Fixierung auf das Thema nicht zur Selbstgeißelung führt, man darf sich nicht treiben lassen, stattdessen muss man ins Handeln kommen.<br><br><strong>Gibt es Gründe, die junge Menschen abhalten könnten, sich aktiv in der BI zu engagieren?</strong><br>Kritisch betrachtet, ist die über Jahrzehnte gewachsene Struktur unserer BI nicht besonders ansprechend für junge Menschen, eine Struktur, die zunächst wirkt wie ein starres Gebilde, das nicht mehr zeitgemäß ist. Man müsste sich zunächst zwei Jahre einarbeiten, bis man auf der Höhe des Wissens der BI ist, auch das schreckt junge Leute ab. Da steht man vor Aktivisten, die seit Jahrzehnten dabei sind, die wissen alles, die können alles. Zudem vermitteln wir den Eindruck: Wir sind ja da! Wir kümmern uns. Und: Es fehlt schlicht das persönliche Berührtsein. Der Impuls, sich in der BI zu engagieren, ist nicht stark genug.<br><br><strong>Weil junge Menschen das Thema Atomkraft als abgehakt und ausgefochten betrachten?</strong><br>Es mangelt nicht an jungen Menschen in der Anti-Atomkraft-Bewegung, aber die sind oft hauptamtlich tätig, verdienen ihr Geld damit. Was aber in der Breite fehlt, ist der persönliche Bezug, die Betroffenheit. Die Hochphase der Auseinandersetzung liegt weit in der Vergangenheit. Die Castor-Transporte berührten die Menschen damals ganz direkt, die Betroffenheit war größer, der Widerstand gegen den übermächtig wirkenden Staat spielte eine Rolle. Viele junge Menschen kamen in der Zeit vor 2011 ins Wendland, haben an Aktionen teilgenommen. Haben allerdings nicht klassische BI-Arbeit gemacht. Ich selbst kam auch in dieser Zeit hierher  blieb hängen, wurde aber auch Hauptamtlicher. Geschehnisse wie Fukushima, schärfen das Bewusstsein, stärken den Widerstand gegen die Atomkraft, trotzdem fangen wir bei der Meinungsbildung immer wieder bei Adam und Eva an, etwa nach der EU-Entscheidung, Atomkraft als nachhaltig einzustufen.<br><br><strong>Wäre eine Öffnung für neue Themen ein Mittel, könnte etwa eine stärkere Einbindung des Klima-Themas junge Menschen überzeugen, sich in der BI zu engagieren?</strong><br>Die BI hat sich bereits neuen Themen geöffnet. Wir waren während der Proteste rund um den Hambacher Forst aktiv, haben jungen Initiativen, wie Ende-Gelände oder Fridays for Future unsere Hilfe angeboten, etwa beim Anmelden von Versammlungen oder welches Equipment notwendig ist. Der Austausch bei Demos ist da, aber die Hilfsangebote müssen angemessen erfolgen. Speziell zum Thema Klima: Wir waren auch beteiligt an einem Format Week for Climate im Wendland, bei dem verschiedene Initiativen abwechselnd Veranstaltungen gemacht haben. Wir haben früher auch die ökologische Filmreihe in Platenlaase mit veranstaltet, bei der wir monatlich Filme zum Umweltbereich präsentiert haben. Bei all den Veranstaltungen ist es allerdings nie gelungen, jüngere Menschen zur Mitarbeit zu bewegen. Meine Erfahrung ist, dass ein simpler Themenwechsel nicht den erwünschten Effekt bringt. Ich denke, dass ein Gefühl von Gemeinschaft unter Gleichaltrigen sehr wichtig ist. Junge Menschen untereinander teilen sehr wahrscheinlich andere Sorgen und Ansichten als die Eltern- oder Großelterngeneration, auch wenn alle Generationen am Ende vielleicht ähnliche Unsicherheiten und Probleme durchlebt haben. Und: Für jüngere Menschen ist auch eine Abgrenzung zu älteren Menschen ein wichtiger Entwicklungsschritt. Zu seinen Lebzeiten hat Jochen Stay, der die Anti-Atom-Bewegung ja auch maßgeblich mitgestaltet hat, bei unseren Mitgliederversammlungen immer die Initiative 30 als Vorschlag vorgetragen. Ziel ist es dabei, Menschen im Alter um die 30 zur Mitarbeit zu motivieren. Ich halte das für eine realistische Zielsetzung. Natürlich würden wir uns nicht dagegen wehren, wenn jüngere oder auch weitere ältere Menschen den Weg zu uns finden würden.<br><br><strong>Kann die Präsenz in den sozialen Medien für mehr BI-Nachwuchs sorgen?</strong><br>Um die BI glaubhaft, authentisch, in den sozialen Medien zu präsentieren, braucht es wiederum junge Menschen, die diesen Job übernehmen. Sonst geraten wir schnell in den Cringe-Bereich: Politiker tanzen auf TikTok und wirken peinlich, zum Fremdschämen, eben cringe. Es ist eine große Herausforderung, so etwas wie Nachwuchsarbeit anzuschieben. Vielleicht hinkt der Vergleich, aber ich war im Sportverein als Jugendtrainer tätig, neben vielen weiteren Trainern. Denn die Jugendarbeit war mit weitaus mehr Ressourcen, personell und finanziell, ausgestattet, als das Training mit Erwachsenen. Es ging darum, die Basis zu stärken, zu erreichen, dass die jungen Menschen perspektivisch im Verein bleiben. Auch dort sprangen viele Jugendliche und junge Erwachsene ab, weil andere Interessen wichtiger wurden. Will man die Jungen elektrisieren für das Thema Atomkraft, das vielfach als abgehakt begriffen wird  die haben oft andere Interessen und Probleme  braucht es neben guten Konzepten auch personelle Ressourcen.<br><br><strong>Droht also die Vergreisung?</strong><br>Es ist nicht alles dem Untergang geweiht, nur weil die Jungen ausbleiben! Es darf nicht passieren, dass wir hier alle nur noch unglücklich sind. Man muss sich selbst kritisch hinterfragen, unsere Struktur ist nicht einfach für Einsteiger. Aber wir sollten uns auch vor Augen halten: Das alles hat über Jahrzehnte funktioniert. Und ein wenig stolz auf unsere Erfolge dürfen wir auch sein. Veränderungen darf man nicht ausblenden, wir müssen sie aufnehmen. Und wer weiß, vielleicht rückt die persönliche Betroffenheit schneller wieder in den Vordergrund als uns allen lieb ist, angesichts der ungebremsten Macht und des Energiehungers der Big-Tech-Unternehmen<br>und den AKW-Phantasien von CDU, FDP und AfD.<br></p>

<p>Sabine Henßen sprach mit Torben Klages, Hauptamtlicher in der Bürgerinitiative Umweltschutz Lüchow-Dannenberg über Zukunft, Überalterung und auch den Stolz auf das Erreichte. Wie steht es um den Altersdurchschnitt der BI-Mitglieder, ist der bekannt?Die große Mehrheit unserer Mitglieder ist zwischen 60 und 80 Jahre alt. Menschen, die sich neu im Vorstand der BI engagieren, sind heute [&hellip;]</p>
