{"id":2121,"date":"2025-02-20T13:31:25","date_gmt":"2025-02-20T12:31:25","guid":{"rendered":"https:\/\/zero-wendland.de\/?page_id=2121"},"modified":"2025-02-20T13:31:25","modified_gmt":"2025-02-20T12:31:25","slug":"%c2%84meister-im-kaputtmachen%c2%93","status":"publish","type":"page","link":"https:\/\/zero-wendland.de\/?page_id=2121","title":{"rendered":"\u0084Meister im Kaputtmachen\u0093"},"content":{"rendered":"\n<p>Die Klima- und Artenkrise r\u00fcckt uns auf den Pelz. Andere Krisen ziehen mit \u0096 im Gesundheits-, im Bildungs-, im Verkehrsbereich, im politischen Dasein und nicht zuletzt in der Wirtschaft. Manchmal wei\u00df man nicht mehr, wo einem der Kopf steht. Die fetten Jahre sind vorbei so viel ist uns allen inzwischen klar. Blo\u00df: Es fehlt an l\u00f6sungsorientiertem Handeln zum positiven Gedeihen des Gemeinwohls, wirklich nachhaltig, Natur und Menschen langfristig sch\u00fctzend. Wenn mal gute L\u00f6sungen pr\u00e4sentiert werden, so wie k\u00fcrzlich im Dorfgemeinschaftshaus Bonese von der \u0084BI Schm\u00f6lau gegen Windkraft im Wald\u0093, werden sie kleingeredet, dumm gemacht, abgewertet. Von wem? Nat\u00fcrlich von denen, die finanziellen Nutzen von einer Investition haben. Der Streit um einen investorgetriebenen Windpark ist voll entbrannt. Der Investor mag selbst keine Windr\u00e4der, will sie aber in der noch weitgehend naturnahen und unzerschnittenen nordwestlichen Altmark mitten in einen Wald stellen lassen. Er wohnt nicht vor Ort, er wohnt woanders. Bestimmt hat er auch<br>zuhause etliche Hektar Eigentum. Warum l\u00e4sst er die Windkraftanlagen nicht dort aufstellen?<br>Den Gegnern des Windparks wirft er das Sankt-Florian-Prinzip vor, handelt aber selbst danach: Bei sich will er die riesigen Rotoren nicht sehen, nicht h\u00f6ren m\u00fcssen. Woanders in Deutschland stoppt man inzwischen den investorengetriebenen Windenergieausbau \u0096 weil man wei\u00df, dass damit vor allem privates Geld generiert wird und viel zu viele Anlagen in die Landschaft gestellt werden. Das scheint man in unserer Region nicht mitzubekommen.<br>Diese Arglosigkeit erstaunt. Den Gemeinder\u00e4ten, den B\u00fcrgermeistern sowie allen B\u00fcrgerinnen und B\u00fcrgern der betroffenen Gemeinden muss klar sein, dass ein solcher Windpark nur den Beginn einer umfassenden Nutzungs\u00e4nderung der Region ausmacht. Es h\u00e4ngt ein Schwanz am Vorhaben: riesige Speicherbauten, hohe \u00dcberlandstromtrassen, breite Baustra\u00dfen und massiver Lkw-Bauverkehr. Das muss man aushalten k\u00f6nnen, wenn man Ja zum Windpark sagt. Sp\u00e4ter wird die dreispurige B190n durch die Landschaft gekn\u00fcppelt und auch das Atomm\u00fcllendlager will einen Platz finden. Warum nicht dort, wo sowieso kaum einer mehr wohnen will, weil die Landschaft durch technische Anlagen unsch\u00f6n und laut geworden ist, keinen Erholungswert mehr bietet. Nicht zu vergessen: gro\u00dffl\u00e4chige CCS &#8211; Kohlenstoffverpressung und Lithiumabbau. Gibt es noch obendrauf.<br>Ohne diese Naturausbeutung, so wird uns erz\u00e4hlt, komme die Wirtschaft nicht wieder auf die Beine. Von Nachhaltigkeit zum Wohle von Mensch und Natur: keine Spur. Denn Menschen waren immer schon Meister im Kaputtmachen. Sie wissen schon\u0085 der Fortschritt. Technische L\u00f6sungen werden favorisiert, der Natur geht es weiterhin massiv an den Kragen. Kommen immer mehr Strom erzeugende, fl\u00e4chenfressende, unsch\u00f6ne und laute Gro\u00dftechniken in unsere Region, brauchen wir mit Tourismus als Regionalentwicklungsinstrument nicht weiterzumachen. Ade UNESCO-Welterbe \u0084Gr\u00fcnes Band\u0093, ade Altmark-Reiseb\u00fccher, ade Radfahren, ade Wandern. Tourismus gibt es dann nur noch in ein paar Altmark-St\u00e4dten, aber nicht mehr im l\u00e4ndlichen Raum. So, wie jetzt geplant, wird der l\u00e4ndliche Raum eine simple Energiezone mit zerst\u00f6rter Landschaftsstruktur, aus der Einwohner und G\u00e4ste langfristig verschwinden.<br>Manchmal erinnere ich mich der griechischen Mythologie, als Kind meine Lieblingsliteratur. Kennen Sie den Unterschied zwischen Epimetheus und Prometheus? Letzterer handelt nach reiflicher \u00dcberlegung, w\u00e4hrend sein Bruder Epimetheus \u00fcberst\u00fcrzt agiert und erst sp\u00e4ter merkt, was er angerichtet hat. Ich w\u00fcnsche mir sehr viel mehr Menschen in der Region, die genau hinsehen, die nachfragen, die nachdenken, die Konsequenzen erkennen, ihre Gleichg\u00fcltigkeit \u00fcberwinden und Zusammenh\u00e4nge wahrnehmen. Menschen, die mutig dagegen k\u00e4mpfen, was der Natur und damit letztlich ihnen angetan werden soll. B\u00e4ume und Wald verschwinden nicht nur in S\u00fcdamerika, sondern \u00fcberall auf der Welt. Auch in der Altmark.<br><em>Amanda Hasenfusz, Dahrendorf<\/em><\/p>\n","protected":false},"excerpt":{"rendered":"<p>Die Klima- und Artenkrise r\u00fcckt uns auf den Pelz. Andere Krisen ziehen mit \u0096 im Gesundheits-, im Bildungs-, im Verkehrsbereich, im politischen Dasein und nicht zuletzt in der Wirtschaft. Manchmal wei\u00df man nicht mehr, wo einem der Kopf steht. Die fetten Jahre sind vorbei so viel ist uns allen inzwischen klar. Blo\u00df: Es fehlt an [&hellip;]<\/p>\n","protected":false},"author":1,"featured_media":0,"parent":0,"menu_order":0,"comment_status":"closed","ping_status":"closed","template":"","meta":{"footnotes":""},"class_list":["post-2121","page","type-page","status-publish","hentry"],"_links":{"self":[{"href":"https:\/\/zero-wendland.de\/index.php?rest_route=\/wp\/v2\/pages\/2121","targetHints":{"allow":["GET"]}}],"collection":[{"href":"https:\/\/zero-wendland.de\/index.php?rest_route=\/wp\/v2\/pages"}],"about":[{"href":"https:\/\/zero-wendland.de\/index.php?rest_route=\/wp\/v2\/types\/page"}],"author":[{"embeddable":true,"href":"https:\/\/zero-wendland.de\/index.php?rest_route=\/wp\/v2\/users\/1"}],"replies":[{"embeddable":true,"href":"https:\/\/zero-wendland.de\/index.php?rest_route=%2Fwp%2Fv2%2Fcomments&post=2121"}],"version-history":[{"count":1,"href":"https:\/\/zero-wendland.de\/index.php?rest_route=\/wp\/v2\/pages\/2121\/revisions"}],"predecessor-version":[{"id":2122,"href":"https:\/\/zero-wendland.de\/index.php?rest_route=\/wp\/v2\/pages\/2121\/revisions\/2122"}],"wp:attachment":[{"href":"https:\/\/zero-wendland.de\/index.php?rest_route=%2Fwp%2Fv2%2Fmedia&parent=2121"}],"curies":[{"name":"wp","href":"https:\/\/api.w.org\/{rel}","templated":true}]}}