{"id":91,"date":"2022-04-02T17:04:17","date_gmt":"2022-04-02T15:04:17","guid":{"rendered":"https:\/\/zero-wendland.de\/?page_id=91"},"modified":"2024-02-03T16:11:48","modified_gmt":"2024-02-03T15:11:48","slug":"ueber-zero","status":"publish","type":"page","link":"https:\/\/zero-wendland.de\/?page_id=91","title":{"rendered":"\u00fcber zero"},"content":{"rendered":"\n<p><mark style=\"background-color:rgba(0, 0, 0, 0)\" class=\"has-inline-color has-accent-color\">zero<\/mark> erscheint 10 mal im Jahr. Im Winter (Dezember\/Januar) und im Sommer (Juli\/August) gibt es jeweils eine Doppelnummer f\u00fcr zwei Monate.<br><mark style=\"background-color:rgba(0, 0, 0, 0)\" class=\"has-inline-color has-accent-color\">zero<\/mark> wird kostenlos im Wendland und an ausgew\u00e4hlten Stellen in Dahlenburg, Uelzen, L\u00fcneburg, Salzwedel und an einigen Orten der Kreise Altmark, Uelzen und L\u00fcneburg ausgelegt.<\/p>\n\n\n\n<p><mark style=\"background-color:rgba(0, 0, 0, 0)\" class=\"has-inline-color has-accent-color\">zero<\/mark> hat einen Vorl\u00e4ufer: \u201eUnsa Kalenda\u201e. Das war das Programmblatt des Kulturvereins Platenlaase.<br>Es erschien ab 1984. Seit 1994 gibt es zero, zun\u00e4chst auch als Programmblatt des Kulturvereins Platenlaase.<br>Seit 1999 erscheint zero unabh\u00e4ngig vom Verein.<br><mark style=\"background-color:rgba(0, 0, 0, 0)\" class=\"has-inline-color has-accent-color\">zero<\/mark> ist kein Rendite-Objekt.<br><mark style=\"background-color:rgba(0, 0, 0, 0)\" class=\"has-inline-color has-accent-color\">zero<\/mark> hat keine Zentrale und kein Sekretariat.<br><mark style=\"background-color:rgba(0, 0, 0, 0)\" class=\"has-inline-color has-accent-color\">zero<\/mark> wird in der Region gedruckt, nicht \u00fcbers Internet.<br><mark style=\"background-color:rgba(0, 0, 0, 0)\" class=\"has-inline-color has-accent-color\">zero<\/mark> wird bewu\u00dft in schwarzwei\u00df gedruckt.<br><mark style=\"background-color:rgba(0, 0, 0, 0)\" class=\"has-inline-color has-accent-color\">zero<\/mark> wird auf \u201eCircle Volume\u201e gedruckt, einem 100% Recycling-Bilderdruckpapier mit blauem Umweltengel.<br><mark style=\"background-color:rgba(0, 0, 0, 0)\" class=\"has-inline-color has-accent-color\">zero<\/mark> ist unparteilich \u2013 aber nicht immer unparteiisch.<br><mark style=\"background-color:rgba(0, 0, 0, 0)\" class=\"has-inline-color has-accent-color\">zero<\/mark> im Netz benutzt keine Cookies und gibt keine Daten an Dritte weiter.<br><mark style=\"background-color:rgba(0, 0, 0, 0)\" class=\"has-inline-color has-accent-color\">zero<\/mark> im Netz ist nur als Reproduktion der Druckausgabe herunterzuladen.<br><mark style=\"background-color:rgba(0, 0, 0, 0)\" class=\"has-inline-color has-accent-color\">zero<\/mark> im Netz erzielt keine Einnahmen und ist bis auf die Anzeigen unserer Kunden der Druckausgabe werbefrei.<\/p>\n\n\n\n<h2 class=\"wp-block-heading\">Redaktion<\/h2>\n\n\n\n<p><em>A<\/em><strong><em>rtikel \u2013 Tips \u2013 Ausstellungen<\/em><\/strong><\/p>\n\n\n\n<p><strong>Was ist ein Artikel?<\/strong><\/p>\n\n\n\n<p>Ein Artikel ist ein, m\u00f6glicherweise bebilderter, Text der Redaktion oder eines unserer Autoren.<br>Artikel kann man nicht kaufen \u2013 auch nicht, indem man eine Anzeige im Heft bucht.<\/p>\n\n\n\n<p><strong>Was ist ein Tip?<\/strong><\/p>\n\n\n\n<p>Ein Tip ist ein Kurztext, der auf eine Veranstaltung oder Ausstellung hinweist, m\u00f6glicherweise auch mit Bild. Er wird von der Redaktion erstellt, wenn diese rechtzeitig geeignetes Material erh\u00e4lt.<br>Welche Tips tats\u00e4chlich erscheinen, h\u00e4ngt nicht nur vom Platz im Heft ab, sondern auch davon, wie und welches Material zur Verf\u00fcgung gestellt wird.<\/p>\n\n\n\n<h2 class=\"wp-block-heading\"><strong>Kulturkalender<\/strong><\/h2>\n\n\n\n<p>Welche Termine ver\u00f6ffentlichen wir in der kostenfreien \u00dcbersicht?<\/p>\n\n\n\n<p>Solche, die sich an ein \u00fcberwiegend Darbietungen konsumierendes Publikum richten und keiner Anmeldung bed\u00fcrfen.<\/p>\n\n\n\n<p>Nicht ver\u00f6ffentlicht werden dort Seminarank\u00fcndigungen, Kurse, Workshops, regelm\u00e4\u00dfige Termine, fortlaufende Gruppen, gewerbliche M\u00e4rkte, Eintrittspreise, Mobilnummern sowie Mail- oder Netzadressen, ebenso keine Hinweise auf Verbindungen mit Speisen oder Getr\u00e4nken.<\/p>\n\n\n\n<p>St\u00e4ndige Veranstaltungsorte mit Adressen und\/oder Telefonnummern sind gelegentlich im Heft abgedruckt. F\u00fcr Vollst\u00e4ndigkeit oder Richtigkeit \u00fcbernehmen wir keine Verantwortung. Diese Rubrik wird nicht st\u00e4ndig aktualisiert! Sind Ihnen \u00c4nderungen bekannt, senden Sie diese bitte an <a href=\"mailto:veranstaltungen@zero-wendland.de\">veranstaltungen@zero-wendland.de<\/a><\/p>\n\n\n\n<p>Die Inhalte f\u00fcr den Kultur-Kalender m\u00f6glichst in dieser Reihenfolge: Datum, Uhrzeit, Ort, Art der Veranstaltung, K\u00fcnstler, Titel und einige erkl\u00e4rende Stichworte. Dann eventuell anschlie\u00dfend ein ausf\u00fchrlicherer Text. Beigef\u00fcgte Fotos sollten aussagekr\u00e4ftig sein und Druckqualit\u00e4t haben (300 dpi Aufl\u00f6sung).<\/p>\n\n\n\n<p>Wir behalten uns in jedem Fall Ver\u00e4ndern, K\u00fcrzen oder Streichen vor. Ein Anspruch auf Ver\u00f6ffentlichung besteht nicht.<\/p>\n\n\n\n<p>F\u00fcr Vollst\u00e4ndigkeit oder die Richtigkeit der Veranstaltungstermin\u00fcbersicht \u00fcbernehmen wir keine Verantwortung.<\/p>\n\n\n\n<p>Veranstaltungstermine senden an:<\/p>\n\n\n\n<p><a href=\"mailto:veranstaltungen@zero-wendland.de\">veranstaltungen@zero-wendland.de<\/a><\/p>\n\n\n\n<p>Redaktionsschlu\u00df ist immer der 10. des Vormonats, au\u00dfer der f\u00e4llt auf ein Wochenende, dann ist es schon der 9. oder 8.<\/p>\n\n\n\n<p>Anzeigenschlu\u00df f\u00fcr die Doppelnummern: im Winter f\u00fcr Dezember\/Januar am 10. November, im Sommer f\u00fcr Juli\/August: am 10. Juni.<\/p>\n\n\n\n<p>Termine, die uns danach erreichen, kommen nur noch mit Gl\u00fcck in den Kalender \u2013 versuchen k\u00f6nnen Sie es aber gern.<\/p>\n\n\n\n<p>St\u00e4ndige Termine<\/p>\n\n\n\n<p>Also Termine, die immer am gleichen Tag\/Woche\/ Monat, an gleicher Stelle stattfinden, bitte auch an<br><a href=\"mailto:veranstaltungen@zero-wendland.de\">veranstaltungen@zero-wendland.de<\/a> melden.<br>Bitte vergessen Sie nicht, es uns auch mitzuteilen, wenn ein st\u00e4ndiger Termin sich \u00e4ndert oder entf\u00e4llt.<\/p>\n","protected":false},"excerpt":{"rendered":"<p>zero erscheint 10 mal im Jahr. Im Winter (Dezember\/Januar) und im Sommer (Juli\/August) gibt es jeweils eine Doppelnummer f\u00fcr zwei Monate.zero wird kostenlos im Wendland und an ausgew\u00e4hlten Stellen in Dahlenburg, Uelzen, L\u00fcneburg, Salzwedel und an einigen Orten der Kreise Altmark, Uelzen und L\u00fcneburg ausgelegt. zero hat einen Vorl\u00e4ufer: \u201eUnsa Kalenda\u201e. Das war das Programmblatt [&hellip;]<\/p>\n","protected":false},"author":1,"featured_media":0,"parent":0,"menu_order":0,"comment_status":"closed","ping_status":"closed","template":"","meta":{"footnotes":""},"class_list":["post-91","page","type-page","status-publish","hentry"],"_links":{"self":[{"href":"https:\/\/zero-wendland.de\/index.php?rest_route=\/wp\/v2\/pages\/91","targetHints":{"allow":["GET"]}}],"collection":[{"href":"https:\/\/zero-wendland.de\/index.php?rest_route=\/wp\/v2\/pages"}],"about":[{"href":"https:\/\/zero-wendland.de\/index.php?rest_route=\/wp\/v2\/types\/page"}],"author":[{"embeddable":true,"href":"https:\/\/zero-wendland.de\/index.php?rest_route=\/wp\/v2\/users\/1"}],"replies":[{"embeddable":true,"href":"https:\/\/zero-wendland.de\/index.php?rest_route=%2Fwp%2Fv2%2Fcomments&post=91"}],"version-history":[{"count":3,"href":"https:\/\/zero-wendland.de\/index.php?rest_route=\/wp\/v2\/pages\/91\/revisions"}],"predecessor-version":[{"id":1267,"href":"https:\/\/zero-wendland.de\/index.php?rest_route=\/wp\/v2\/pages\/91\/revisions\/1267"}],"wp:attachment":[{"href":"https:\/\/zero-wendland.de\/index.php?rest_route=%2Fwp%2Fv2%2Fmedia&parent=91"}],"curies":[{"name":"wp","href":"https:\/\/api.w.org\/{rel}","templated":true}]}}